2 + 22*q - 53. Let u be f(19). What is the highest common divisor of u and 14?
2
Let d(t) = t**2 - 5*t + 4. Let z be d(5). Suppose 0 = 4*s - 52 + 4. Suppose 2*l + 2*i = l + 12, -z*i - s = 0. What is the greatest common factor of l and 18?
18
Let n(b) = -b**3 + 6*b**2 + 8*b - 4. Let c be n(7). Suppose 4*y + 16 = -c*z + 134, 3*z = -5*y + 122. What is the highest common divisor of z and 17?
17
Let s be ((-52)/12)/(2/(-6)). What is the highest common factor of 52 and s?
13
Let w = -300 - -640. Suppose -20 = -4*n, 4*n = -3*f + 8*f - w. What is the greatest common factor of 18 and f?
18
Let z be (-1)/(-6) + (-226)/(-12). What is the greatest common factor of z and 133?
19
Suppose 2*w + 5 = 37. What is the highest common divisor of 4 and w?
4
Let q be (-1)/(-2)*-2*1. Let j(g) = -3*g - 5. Let b(x) = 2*x + 4. Let d(h) = 6*b(h) + 5*j(h). Let k be d(q). What is the highest common factor of k and 2?
2
Let z(t) be the second derivative of -t**5/20 + t**4/4 + t**2 - t. Let r be z(2). Calculate the highest common divisor of 15 and r.
3
Let g(v) = 10*v - 2. Let n be g(2). What is the greatest common factor of n and 63?
9
Let n = -30 + 42. Calculate the greatest common factor of n and 24.
12
Suppose 5*a - d = 265, 5*d - d + 20 = 0. Let u(t) = t**2 - 3. Let l be u(-4). What is the highest common factor of a and l?
13
Let f(o) = o + 9. Let z be f(10). Calculate the highest common factor of z and 57.
19
Suppose -40 = -9*c + 4*c. Calculate the greatest common factor of c and 6.
2
Suppose -2*m - 15 = -3*x, 2*m - 4*x + 31 = 11. Suppose -2*y + y + 12 = m. What is the highest common divisor of 12 and y?
12
Let t be (-26 - 0)/(2 - 4). Suppose 0 = 2*x + x + q - t, -q + 7 = x. Calculate the greatest common factor of x and 6.
3
Let b be 5*(4 + 256/20). What is the greatest common factor of 21 and b?
21
Let o be (-6)/14 + 387/21. Suppose -u + 10 + 2 = 0. Calculate the highest common divisor of u and o.
6
Let p(q) = q + 14. Let m be p(-10). Let t be m/8 - 203/(-2). Suppose -5*z = 4*b + 5 - t, -4*b - 3*z + 103 = 0. What is the highest common divisor of 14 and b?
14
Let u be (7/(-3))/(-7) + (-59)/(-3). Calculate the highest common divisor of 100 and u.
20
Let s = 8 + -5. Suppose -2*d + 3*u = -3, 0*d + s*d + 4*u = 47. Calculate the greatest common divisor of 1 and d.
1
Suppose 7 = -0*p - 5*p + 3*s, -p + 3*s = 11. What is the greatest common factor of 3 and p?
1
Let l be (-2)/(-1) - (-95 + 0). Let q = 209 - l. What is the greatest common factor of 14 and q?
14
Let q = -17 - -18. Calculate the highest common factor of q and 13.
1
Let v = 116 + -52. Suppose -2*x - v = -6*x. What is the highest common divisor of x and 64?
16
Let y = -31 + 91. Let n be 2*-1*9/6. Let s be (-7 + n)/((-2)/4). Calculate the highest common factor of s and y.
20
Let p(l) = 2*l**2 + 6*l - 5. Let b be p(-5). Let s = 1 + b. What is the highest common factor of s and 176?
16
Let d be 5/(-20) - (-34)/8. Suppose -x + 5*a + d = 0, 2*a - 20 = -2*x - 0. Let h be 1/3 + 52/6. What is the highest common factor of h and x?
9
Let p = -9 - -7. Let t be (0 - -1)*-17*p. What is the highest common factor of t and 17?
17
Let m = 9 + 3. What is the highest common divisor of m and 348?
12
Let p(k) = k**2 + k + 1. Let c be p(-1). Let z be -2 + -1 + c - -11. Suppose z = 2*q - 55. What is the greatest common factor of q and 4?
4
Let x(i) = 96*i**2 - 2*i + 2. Let q be x(1). What is the greatest common divisor of 24 and q?
24
Suppose 4*i + 19 = 5*i. Suppose -m = 3*m - 380. What is the highest common factor of i and m?
19
Let n = 94 + -50. Suppose 3*r + 1 = 2*m, m - 4*r + n = 4*m. Calculate the highest common factor of m and 64.
8
Let v(f) = -6*f. Let c be 20/25 + 1/5. Let m be v(c). Let p(a) = -a**3 - 6*a**2 - 7*a - 4. Let z be p(m). What is the highest common factor of z and 19?
19
Suppose 52 = 3*n + 11*c - 9*c, -3*c + 28 = 2*n. What is the greatest common divisor of 120 and n?
20
Suppose -9*z + 33 = -507. Calculate the highest common factor of z and 24.
12
Suppose -66 = -4*v + x + 14, v - 3*x = 20. Calculate the greatest common factor of 20 and v.
20
Suppose -17 = t - 0*t. Let x be 4 + -6 - (t - 1). What is the greatest common factor of x and 40?
8
Suppose 0*n = n - 134. Suppose 3*b - n = 526. What is the highest common factor of 20 and b?
20
Suppose k - 105 = -6*k. What is the greatest common factor of 15 and k?
15
Suppose -3*m + m = -2. Suppose -4*b = -16, j = -j + 3*b + 4. Suppose 4*f - j = 3*o, -o = -3*f - 0*o + 6. What is the highest common factor of m and f?
1
Let i(u) = u**3 - 5*u**2 + 9*u - 6. Let a be i(6). Calculate the greatest common factor of 12 and a.
12
Let m(q) = -q**2 + 6*q - 5. Let y = -4 - -8. Let z be m(y). Let u = 61 - 40. Calculate the highest common factor of u and z.
3
Suppose -a = -5 + 1. Suppose 4 - 12 = -a*x. Suppose 2*u - 10 = 0, -x*b = -7*b - 2*u + 70. Calculate the highest common divisor of 48 and b.
12
Suppose 3*s = 8 + 1. Suppose -22*x = -360 + 30. Calculate the highest common divisor of x and s.
3
Let a = 20 + 1. Let n be 12 - 3/(-9)*1*6. Calculate the highest common factor of a and n.
7
Let q be (0 - 7)/(1/(-3)). Let v = q + -15. Let p be (3/v)/(3/72). Calculate the highest common factor of p and 12.
12
Let n be (-6)/(-16) - 11216/(-128). Suppose 27 = 5*h - 13. What is the greatest common divisor of h and n?
8
Let s(l) = -l**2 + 3*l + 1. Let b be s(3). Let h = -1 - b. Let t(n) = -3*n - 2. Let u be t(h). What is the highest common factor of u and 6?
2
Let v be ((-381)/(-6))/((-3)/(-6)). Let n(m) = -5*m + 1. Let p be n(-3). Let q = p + v. Calculate the highest common divisor of q and 13.
13
Let v(t) = t**3 - 2*t**2 - 4*t - 5. Let g be v(4). What is the highest common factor of 44 and g?
11
Suppose -5*o = 5*u - 5, 3*u = -o + 4 + 1. Let j = 1 - o. Suppose -j*a + 4 = 2*x - 70, 5*x - 203 = 4*a. Calculate the highest common factor of 26 and x.
13
Let y be 3 + ((-12)/(-18))/((-2)/(-327)). Calculate the greatest common divisor of y and 280.
56
Let q = -439 + 743. Let i = q - 152. What is the highest common divisor of 19 and i?
19
Let l = -81 + 84. Calculate the highest common factor of 39 and l.
3
Let m be 3/(-12) - 366/(-24). Calculate the highest common divisor of 165 and m.
15
Suppose 6*d + 0*d = 648. What is the highest common divisor of 12 and d?
12
Suppose -4*f - 700 = -9*f. Suppose -4*o + 116 = 5*x, 5*o - f = -7*x + 2*x. Let j be 2160/96*3/(9/8). What is the highest common factor of j and o?
12
Suppose 2*i - 42 = i. Calculate the greatest common factor of 14 and i.
14
Let s(j) = 4 - 8*j - 6*j - 2 + 0 - j**2. Let g be s(-8). Calculate the highest common divisor of g and 20.
10
Let r be (-1)/((-48)/15 - -3). Suppose r*i - 84 - 6 = 0. What is the highest common divisor of 162 and i?
18
Let l be (-72)/20 + 2/(-5). Let i = -2 - l. Let d be (-7)/i*-1*32. What is the highest common factor of 14 and d?
14
Let i = -48 + 73. Let f = -15 + i. Suppose 4*z = -0*u - u - 15, 2*u = -z + 5. Calculate the greatest common divisor of u and f.
5
Suppose 0 = 8*j - 63 - 9. What is the highest common factor of 81 and j?
9
Suppose w = 3*w + 322. Let h = w - -231. What is the highest common factor of h and 28?
14
Let i(n) = -2*n + 7. Let q = 8 - 16. Let g be i(q). What is the highest common factor of g and 92?
23
Suppose 23 - 92 = -3*r. Calculate the greatest common divisor of 161 and r.
23
Suppose -160 = 7*v - 11*v. Let m(w) = -3*w + 2. Let y be m(-2). What is the highest common divisor of v and y?
8
Let t be (6 - 5)/((-1)/(-3)). Suppose 96 = y + t*y. What is the greatest common divisor of 60 and y?
12
Suppose 8 = -4*u - 4. Let g be u/3*-1 - -3. Calculate the greatest common divisor of 2 and g.
2
Suppose 0*c + 4*c = 48. Let w(n) = 2*n + 4. Let p be w(0). What is the greatest common factor of c and p?
4
Suppose 5*g - 65 = -5*m, 0*g + 35 = 5*m - g. Let l be 3 - (-2 + (-1 - 2)). Calculate the highest common factor of m and l.
8
Let c = -62 + 351. Calculate the highest common factor of c and 17.
17
Let y be ((-12)/16 + 0)*-24. Calculate the highest common factor of 144 and y.
18
Let y = 55 - 39. Let z be (-24)/(-1) - 0/1. What is the greatest common factor of z and y?
8
Suppose 2*t = -2*x + 8, 2*x = 2*t - 3*t + 5. Suppose t*w = 68 + 31. Let i = 30 + -19. Calculate the highest common divisor of w and i.
11
Suppose -4*g =